{"id":10954,"date":"2025-09-15T13:58:53","date_gmt":"2025-09-15T13:58:53","guid":{"rendered":"https:\/\/cadsoft.pt\/loja\/?post_type=product&#038;p=10954"},"modified":"2025-09-24T09:37:59","modified_gmt":"2025-09-24T09:37:59","slug":"4mcad","status":"publish","type":"product","link":"https:\/\/cadsoft.pt\/loja\/produto\/4mcad\/","title":{"rendered":"4MCAD v25"},"content":{"rendered":"<p>O 4MCAD \u00e9 um software de CAD 2D e 3D, que serve como uma alternativa acess\u00edvel e eficiente a outras solu\u00e7\u00f5es do mercado. Baseado na tecnologia IntelliCAD, o 4MCAD \u00e9 compat\u00edvel com os formatos de ficheiro .dwg e .dxf e oferece uma interface de utilizador e comandos muito semelhantes aos do AutoCAD, o que facilita a transi\u00e7\u00e3o para novos utilizadores. Em resumo, \u00e9 uma solu\u00e7\u00e3o de software de desenho t\u00e9cnico para profissionais de \u00e1reas como arquitetura, engenharia e constru\u00e7\u00e3o, que procuram uma ferramenta robusta sem um investimento elevado.<\/p>\n<p>4MCAD is 2D and 3D CAD software that serves as an affordable and efficient alternative to other solutions on the market. Based on IntelliCAD technology, 4MCAD is compatible with .dwg and .dxf file formats and offers a user interface and commands very similar to those of AutoCAD, which facilitates the transition for new users. In short, it is a technical drawing software solution for professionals in fields such as architecture, engineering, and construction who are looking for a robust tool without a high investment.<\/p>\n<p>Saiba mais\/Know more: <a href=\"https:\/\/cadsoft.pt\/4mcad-idea-fines\">https:\/\/cadsoft.pt\/4mcad-idea-fines<\/a><\/p>\n","protected":false},"excerpt":{"rendered":"<p>O 4MCAD \u00e9 um software de CAD 2D e 3D, que serve como uma alternativa acess\u00edvel e eficiente a outras solu\u00e7\u00f5es do mercado. Baseado na tecnologia IntelliCAD, o 4MCAD \u00e9 compat\u00edvel com os formatos de ficheiro .dwg e .dxf e oferece uma interface de utilizador e comandos muito semelhantes aos do AutoCAD, o que facilita [&hellip;]<\/p>\n","protected":false},"featured_media":11104,"template":"","meta":[],"product_brand":[],"product_cat":[176],"product_tag":[],"class_list":{"0":"post-10954","1":"product","2":"type-product","3":"status-publish","4":"has-post-thumbnail","6":"product_cat-4mcad","8":"first","9":"instock","10":"taxable","11":"shipping-taxable","12":"purchasable","13":"product-type-variable"},"_links":{"self":[{"href":"https:\/\/cadsoft.pt\/loja\/wp-json\/wp\/v2\/product\/10954","targetHints":{"allow":["GET"]}}],"collection":[{"href":"https:\/\/cadsoft.pt\/loja\/wp-json\/wp\/v2\/product"}],"about":[{"href":"https:\/\/cadsoft.pt\/loja\/wp-json\/wp\/v2\/types\/product"}],"version-history":[{"count":5,"href":"https:\/\/cadsoft.pt\/loja\/wp-json\/wp\/v2\/product\/10954\/revisions"}],"predecessor-version":[{"id":11091,"href":"https:\/\/cadsoft.pt\/loja\/wp-json\/wp\/v2\/product\/10954\/revisions\/11091"}],"wp:featuredmedia":[{"embeddable":true,"href":"https:\/\/cadsoft.pt\/loja\/wp-json\/wp\/v2\/media\/11104"}],"wp:attachment":[{"href":"https:\/\/cadsoft.pt\/loja\/wp-json\/wp\/v2\/media?parent=10954"}],"wp:term":[{"taxonomy":"product_brand","embeddable":true,"href":"https:\/\/cadsoft.pt\/loja\/wp-json\/wp\/v2\/product_brand?post=10954"},{"taxonomy":"product_cat","embeddable":true,"href":"https:\/\/cadsoft.pt\/loja\/wp-json\/wp\/v2\/product_cat?post=10954"},{"taxonomy":"product_tag","embeddable":true,"href":"https:\/\/cadsoft.pt\/loja\/wp-json\/wp\/v2\/product_tag?post=10954"}],"curies":[{"name":"wp","href":"https:\/\/api.w.org\/{rel}","templated":true}]}}